856.
49
Calculate the highest common factor of 107779192 and 1464.
488
What is the greatest common divisor of 39408782 and 28?
14
Calculate the highest common factor of 1147453548 and 342.
114
Calculate the greatest common divisor of 4573 and 7932810.
269
Calculate the greatest common divisor of 59853 and 864075.
843
What is the highest common factor of 123 and 1135115832?
123
What is the greatest common factor of 271768025 and 98401?
5179
What is the greatest common divisor of 8600 and 39810475?
1075
Calculate the greatest common divisor of 87098 and 1936.
22
Calculate the greatest common factor of 2598777 and 2322.
27
Calculate the highest common factor of 304490874 and 1516.
758
Calculate the highest common factor of 344751 and 69223.
341
Calculate the highest common factor of 1196974 and 2.
2
What is the highest common divisor of 132 and 18141222?
66
What is the highest common divisor of 2884 and 7597898?
1442
What is the highest common divisor of 7462 and 110782?
574
What is the greatest common factor of 2816 and 116050?
22
Calculate the greatest common factor of 1116 and 4301037.
9
What is the highest common factor of 116 and 13972055?
29
What is the highest common divisor of 8987 and 1674926?
209
What is the greatest common factor of 22155 and 7035162?
633
What is the highest common divisor of 3907 and 530906602?
3907
What is the greatest common factor of 149849 and 1057?
7
What is the highest common factor of 1869116 and 1224?
68
Calculate the greatest common divisor of 3601 and 780340301.
3601
What is the greatest common factor of 4182 and 692682?
102
What is the greatest common factor of 46123 and 539?
77
What is the greatest common factor of 129775385 and 2920?
365
What is the greatest common factor of 2256 and 158319312?
2256
What is the greatest common factor of 162400 and 65464?
56
What is the greatest common factor of 885363 and 125479?
701
Calculate the highest common factor of 5402 and 47164862.
5402
Calculate the greatest common factor of 15880 and 104250215.
1985
Calculate the highest common factor of 621 and 58787586.
621
What is the highest common divisor of 129415 and 2067?
13
Calculate the highest common factor of 9457 and 26117.
49
What is the greatest common factor of 237645 and 1215?
45
Calculate the highest common factor of 36804 and 181747353.
9201
Calculate the highest common divisor of 8961813 and 231.
21
What is the highest common divisor of 357868 and 9352?
28
Calculate the highest common divisor of 3025 and 289123450.
3025
What is the highest common factor of 127199 and 1557881?
409
Calculate the greatest common factor of 64 and 292631248.
16
What is the highest common factor of 889720 and 2065?
295
What is the greatest common factor of 128 and 72358656?
128
Calculate the highest common divisor of 13641824 and 84.
28
What is the greatest common divisor of 103584 and 355323?
249
Calculate the highest common divisor of 21088817 and 241445.
1123
Calculate the highest common factor of 7 and 4097667.
7
What is the greatest common factor of 42411708 and 6390?
1278
Calculate the greatest common divisor of 30 and 62517585.
15
What is the greatest common factor of 168 and 7658616?
168
Calculate the greatest common factor of 52828512 and 5434.
418
What is the highest common divisor of 125 and 16093025?
25
What is the greatest common divisor of 1334 and 536130?
46
Calculate the greatest common factor of 317740 and 20.
20
Calculate the greatest common divisor of 55845 and 2478715.
365
What is the highest common factor of 3465441 and 9849?
1407
What is the highest common factor of 30469 and 12322?
1
Calculate the greatest common divisor of 781107 and 214489.
1147
Calculate the highest common divisor of 163530 and 120060.
2070
What is the highest common divisor of 6072 and 12495120?
264
Calculate the greatest common factor of 9976 and 12307890.
2494
What is the greatest common divisor of 5787603 and 3636?
909
What is the greatest common factor of 7231490 and 175?
35
What is the highest common factor of 1943352 and 33048?
648
What is the highest common factor of 1481348 and 484?
44
Calculate the highest common factor of 20 and 178135460.
20
What is the highest common factor of 1038455 and 125290?
55
What is the greatest common divisor of 160152620 and 60?
20
Calculate the highest common factor of 84348 and 1077444.
36
Calculate the greatest common divisor of 7448147 and 1519.
49
What is the greatest common divisor of 1242029 and 1?
1
Calculate the greatest common factor of 78 and 233252708.
26
What is the highest common factor of 25575901 and 13?
13
What is the highest common divisor of 102 and 28399214?
34
What is the greatest common factor of 8 and 12168724?
4
What is the greatest common factor of 7 and 731785530?
7
Calculate the greatest common divisor of 38025 and 73515.
2535
What is the highest common factor of 204 and 6272286?
102
What is the highest common divisor of 73662 and 21486?
6
What is the highest common divisor of 168144 and 366048?
1488
Calculate the highest common divisor of 9637 and 1580399.
23
What is the highest common factor of 190578 and 94254?
138
Calculate the greatest common divisor of 20 and 12804520.
20
Calculate the highest common divisor of 5066944 and 14432.
1312
Calculate the highest common factor of 4101093 and 1102.
551
What is the highest common divisor of 119420 and 16580?
20
Calculate the greatest common factor of 94412 and 31316.
4
Calculate the greatest common divisor of 144 and 50145642.
18
What is the highest common divisor of 1647488 and 14762?
122
What is the greatest common divisor of 156 and 1079548?
4
What is the highest common factor of 84483820 and 860?
860
Calculate the greatest common divisor of 422958 and 23348.
898
What is the greatest common factor of 839701580 and 1520?
380
What is the greatest common factor of 11266 and 1372749?
131
Calculate the greatest common factor of 166920 and 359424.
312
Calculate the greatest common divisor of 4 and 5776026.
2
What is the greatest common divisor of 1353772695 and 165?
165
What is the greatest common factor of 70 and 2726500?
70
What is the highest common divisor of 9588917 and 1145?
229
What is the highest common divisor of 1567453300 and 700?
700
What is the highest common divisor of 1080 and 1051677000?
1080
Calculate the highest common divisor of 4 and 1736286.
2
What is the highest common factor of 427461 and 13542?
111
Calculate the highest common factor of 79 and 48046141.
79
What is the highest common divisor of 2434038 and 615284?
1594
Calculate the highest common divisor of 27 and 130605156.
27
What is the greatest common divisor of 5600 and 937720?
280
Calculate the highest common factor of 116441 and 25838917.
2197
What is the greatest common divisor of 3268815 and 275?
55
What is the highest common factor of 11360 and 44480790?
710
Calculate the highest common divisor of 2319924 and 48.
12
Calculate the highest common factor of 497640 and 80.
40
Calculate the highest common divisor of 98426 and 2100886.
3394
Calculate the greatest common divisor of 15283450 and 364.
182
Calculate the highest common divisor of 19173193 and 2.
1
Calculate the greatest common factor of 495 and 1422575.
55
Calculate the highest common factor of 48 and 19234592.
16
Calculate the greatest common divisor of 12977598 and 166110.
678
Calculate the greatest common factor of 5044 and 72852432.
388
What is the highest common divisor of 42 and 228543?
21
What is the highest common divisor of 938 and 903938?
14
Calculate the highest common divisor of 22334 and 14261.
13
What is the greatest common factor of 867564 and 15012?
108
Calculate the greatest common factor of 35022 and 1373853.
39
Calculate the greatest common divisor of 2348 and 45921010.
1174
Calculate the highest common factor of 1524228 and 32556.
12
Calculate the highest common divisor of 2884 and 38202185.
721
What is the highest common divisor of 7787 and 9620539?
599
What is the greatest common divisor of 12434192 and 16?
16
Calculate the greatest common divisor of 1264865 and 1491.
497
What is the greatest common factor of 2483004720 and 1680?
1680
Calculate the highest common factor of 1597321 and 1842.
307
Calculate the highest common divisor of 82483534 and 118.
118
Calcula